{"id":44098,"date":"2025-02-12T23:17:00","date_gmt":"2025-02-12T23:17:00","guid":{"rendered":"https:\/\/aen2elvas.com\/site\/?page_id=44098"},"modified":"2025-02-12T23:48:18","modified_gmt":"2025-02-12T23:48:18","slug":"escola-basica-de-santa-luzia","status":"publish","type":"page","link":"https:\/\/agr-staluzia.pt\/site\/escola-basica-de-santa-luzia\/","title":{"rendered":"Escola B\u00e1sica de Santa Luzia"},"content":{"rendered":"\n<p><\/p>\n\n\n\n<figure class=\"wp-block-gallery has-nested-images columns-default is-cropped wp-block-gallery-1 is-layout-flex wp-block-gallery-is-layout-flex\">\n<figure class=\"wp-block-image size-large\"><img fetchpriority=\"high\" decoding=\"async\" width=\"764\" height=\"280\" data-id=\"44115\" src=\"https:\/\/aen2elvas.com\/site\/wp-content\/uploads\/2025\/02\/02-1.jpg\" alt=\"\" class=\"wp-image-44115\" srcset=\"https:\/\/agr-staluzia.pt\/site\/wp-content\/uploads\/2025\/02\/02-1.jpg 764w, https:\/\/agr-staluzia.pt\/site\/wp-content\/uploads\/2025\/02\/02-1-300x110.jpg 300w\" sizes=\"(max-width: 764px) 100vw, 764px\" \/><\/figure>\n<\/figure>\n\n\n\n<p>A Escola \u00e9 constitu\u00edda por <strong>6 edif\u00edcios<\/strong>: tr\u00eas do Plano dos Centen\u00e1rios datados de 1957 e tr\u00eas edif\u00edcios mais recentes. Quatro destes edif\u00edcios incluem <strong>16 salas de aula de 1\u00ba Ciclo<\/strong>. \u200b<\/p>\n\n\n\n<p>No quinto localizam-se <strong>duas salas do <\/strong><strong>Jardim Inf\u00e2nci<\/strong>a. No \u00faltimo encontram-se tamb\u00e9m <strong>duas salas do 1\u00ba ciclo<\/strong> e a <strong>Biblioteca <\/strong><strong>Escolar\/Centro de Recursos Educativos<\/strong> (tamb\u00e9m integrada na Rede Nacional de Bibliotecas Escolares) .\u200b<\/p>\n\n\n\n<p><\/p>\n","protected":false},"excerpt":{"rendered":"<p>A Escola \u00e9 constitu\u00edda por 6 edif\u00edcios: tr\u00eas do Plano dos Centen\u00e1rios datados de 1957 e tr\u00eas edif\u00edcios mais recentes. Quatro destes edif\u00edcios incluem 16 salas de aula de 1\u00ba Ciclo. \u200b No quinto localizam-se duas salas do Jardim Inf\u00e2ncia. No \u00faltimo encontram-se tamb\u00e9m duas salas do 1\u00ba ciclo e a Biblioteca Escolar\/Centro de Recursos&#8230;<\/p>\n","protected":false},"author":1,"featured_media":0,"parent":0,"menu_order":0,"comment_status":"closed","ping_status":"closed","template":"","meta":{"_monsterinsights_skip_tracking":false,"_monsterinsights_sitenote_active":false,"_monsterinsights_sitenote_note":"","_monsterinsights_sitenote_category":0,"footnotes":""},"class_list":["post-44098","page","type-page","status-publish","hentry"],"_links":{"self":[{"href":"https:\/\/agr-staluzia.pt\/site\/wp-json\/wp\/v2\/pages\/44098","targetHints":{"allow":["GET"]}}],"collection":[{"href":"https:\/\/agr-staluzia.pt\/site\/wp-json\/wp\/v2\/pages"}],"about":[{"href":"https:\/\/agr-staluzia.pt\/site\/wp-json\/wp\/v2\/types\/page"}],"author":[{"embeddable":true,"href":"https:\/\/agr-staluzia.pt\/site\/wp-json\/wp\/v2\/users\/1"}],"replies":[{"embeddable":true,"href":"https:\/\/agr-staluzia.pt\/site\/wp-json\/wp\/v2\/comments?post=44098"}],"version-history":[{"count":6,"href":"https:\/\/agr-staluzia.pt\/site\/wp-json\/wp\/v2\/pages\/44098\/revisions"}],"predecessor-version":[{"id":44116,"href":"https:\/\/agr-staluzia.pt\/site\/wp-json\/wp\/v2\/pages\/44098\/revisions\/44116"}],"wp:attachment":[{"href":"https:\/\/agr-staluzia.pt\/site\/wp-json\/wp\/v2\/media?parent=44098"}],"curies":[{"name":"wp","href":"https:\/\/api.w.org\/{rel}","templated":true}]}}